of 175750.
2, 5, 19, 37
List the prime factors of 634145.
5, 53, 2393
What are the prime factors of 1245762?
2, 3, 7, 9887
List the prime factors of 12701959.
139, 91381
What are the prime factors of 8414244?
2, 3, 37, 6317
What are the prime factors of 1014827?
11, 8387
List the prime factors of 3606296.
2, 450787
List the prime factors of 1375188.
2, 3, 114599
What are the prime factors of 28670?
2, 5, 47, 61
What are the prime factors of 24914?
2, 12457
What are the prime factors of 13534321?
31, 436591
List the prime factors of 52721.
52721
List the prime factors of 766424.
2, 95803
List the prime factors of 4218924.
2, 3, 17, 20681
What are the prime factors of 3940866?
2, 3, 19, 23, 167
List the prime factors of 109366.
2, 149, 367
What are the prime factors of 189944?
2, 23743
What are the prime factors of 381124?
2, 151, 631
List the prime factors of 925309.
7, 11, 61, 197
What are the prime factors of 236665?
5, 11, 13, 331
List the prime factors of 431574.
2, 3, 11, 13, 503
What are the prime factors of 1309994?
2, 7, 137, 683
What are the prime factors of 18878?
2, 9439
List the prime factors of 10927265.
5, 47, 46499
List the prime factors of 17387985.
3, 5, 1159199
List the prime factors of 2358033.
3, 19, 41, 1009
What are the prime factors of 9333727?
13, 717979
List the prime factors of 6633.
3, 11, 67
List the prime factors of 136133.
136133
What are the prime factors of 2928807?
3, 7, 46489
What are the prime factors of 1079576?
2, 134947
List the prime factors of 5736828.
2, 3, 478069
List the prime factors of 211100.
2, 5, 2111
List the prime factors of 967768.
2, 137, 883
What are the prime factors of 15283462?
2, 2671, 2861
List the prime factors of 76902.
2, 3, 7, 1831
What are the prime factors of 271502?
2, 7, 11, 41, 43
List the prime factors of 1982816.
2, 11, 43, 131
What are the prime factors of 328245?
3, 5, 79, 277
What are the prime factors of 10577603?
31, 83, 4111
What are the prime factors of 579061?
7, 82723
What are the prime factors of 52870?
2, 5, 17, 311
What are the prime factors of 42551?
17, 2503
What are the prime factors of 41580960?
2, 3, 5, 86627
What are the prime factors of 75383?
7, 11, 89
List the prime factors of 4272445.
5, 89, 9601
List the prime factors of 5352567.
3, 11, 61, 2659
What are the prime factors of 190170?
2, 3, 5, 2113
What are the prime factors of 43685?
5, 8737
What are the prime factors of 4352459?
17, 503, 509
What are the prime factors of 13267503?
3, 383, 1283
What are the prime factors of 57184?
2, 1787
List the prime factors of 187427.
23, 29, 281
What are the prime factors of 208795?
5, 41759
List the prime factors of 768803.
7, 109829
What are the prime factors of 343643?
23, 67, 223
What are the prime factors of 1202007?
3, 59, 6791
What are the prime factors of 331179?
3, 101, 1093
What are the prime factors of 11154036?
2, 3, 101, 9203
List the prime factors of 315729.
3, 35081
List the prime factors of 854886.
2, 3, 19, 7499
What are the prime factors of 321727?
7, 19, 41, 59
List the prime factors of 344647.
107, 3221
List the prime factors of 160241.
23, 6967
What are the prime factors of 1418833?
13, 109141
What are the prime factors of 13816921?
13816921
List the prime factors of 1638733.
1638733
What are the prime factors of 19341363?
3, 6447121
What are the prime factors of 143326?
2, 71663
List the prime factors of 23198262.
2, 3, 173, 22349
List the prime factors of 594482.
2, 7, 42463
List the prime factors of 7973585.
5, 53, 30089
List the prime factors of 39280.
2, 5, 491
What are the prime factors of 436805?
5, 199, 439
List the prime factors of 11063145.
3, 5, 89, 8287
What are the prime factors of 4567443?
3, 137, 11113
What are the prime factors of 2077653?
3, 53, 73, 179
What are the prime factors of 2966018?
2, 11, 31, 4349
List the prime factors of 4416718.
2, 113, 19543
List the prime factors of 683480.
2, 5, 7, 2441
List the prime factors of 515288.
2, 41, 1571
List the prime factors of 129481.
11, 79, 149
List the prime factors of 79094.
2, 71, 557
What are the prime factors of 719859?
3, 7, 59, 83
What are the prime factors of 2248570?
2, 5, 71, 3167
What are the prime factors of 372466?
2, 43, 61, 71
List the prime factors of 2369160.
2, 3, 5, 6581
List the prime factors of 100530.
2, 3, 5, 1117
List the prime factors of 390372.
2, 3, 32531
List the prime factors of 22885869.
3, 37, 206179
What are the prime factors of 522971?
17, 30763
List the prime factors of 13436029.
13436029
What are the prime factors of 967872?
2, 3, 71
What are the prime factors of 146867?
7, 20981
What are the prime factors of 31561?
37, 853
What are the prime factors of 1334867?
487, 2741
What are the prime factors of 67217?
67217
List the prime factors of 1012826.
2, 17, 29789
List the prime factors of 43903710.
2, 3, 5, 487819
List the prime factors of 266392.
2, 7, 67, 71
List the prime factors of 823729.
823729
List the prime factors of 7124924.
2, 19, 241, 389
What are the prime factors of 1158199?
7, 165457
What are the prime factors of 947663?
19, 49877
What are the prime factors of 380658?
2, 3, 63443
List the prime factors of 2207901.
3, 37, 19891
What are the prime factors of 24634600?
2, 5, 37, 3329
List the prime factors of 1880719.
71, 26489
What are the prime factors of 117548?
2, 29387
List the prime factors of 404685.
3, 5, 17, 23
What are the prime factors of 138788?
2, 13, 17, 157
What are the prime factors of 201535?
5, 17, 2371
List the prime factors of 453752.
2, 13, 4363
What are the prime factors of 1922983?
1922983
What are the prime factors of 147915?
3, 5, 19, 173
What are the prime factors of 4713078?
2, 3, 53, 14821
What are the prime factors of 78527?
19, 4133
What are the prime factors of 133566?
2, 3, 113, 197
What are the prime factors of 668991?
3, 173, 1289
List the prime factors of 906326.
2, 461, 983
List the prime factors of 9074567.
9074567
List the prime factors of 12396984.
2, 3, 516541
What are the prime factors of 737659?
13, 179, 317
What are the prime factors of 2113594?
2, 7, 223, 677
List the prime factors of 389821.
457, 853
List the prime factors of 22874261.
197, 116113
List the prime factors of 167428.
2, 19, 2203
List the prime factors of 13293245.
5, 7, 47, 8081
List the prime factors of 170662.
2, 85331
What are the prime factors of 127809?
3, 11, 1291
What are the prime factors of 1066036?
2, 17, 61, 257
What are the prime factors of 72143?
19, 3797
List the prime factors of 30529003.
227, 134489
List the prime factors of 106744.
2, 11, 1213
What are the prime factors of 445215?
3, 5, 67, 443
What are the prime factors of 18193718?
2, 173, 52583
What are the prime factors of 7378118?
2, 11, 19, 929
What are the prime factors of 7402967?
11, 13, 51769
What are the prime factors of 201711?
3, 71, 947
What are the prime factors of 2307903?
3, 13, 17, 59
List the prime factors of 2299897.
239, 9623
List the prime factors of 8809242.
2, 3, 13, 112939
What are the prime factors of 4273462?
2, 2136731
List the prime factors of 1334036.
2, 11, 30319
List the prime factors of 4065358.
2, 11, 107, 157
What are the prime factors of 81839?
81839
List the prime factors of 5961449.
13, 458573
List the prime factors of 13970420.
2, 5, 698521
List the prime factors of 4746676.
2, 11, 233, 463
List the prime factors of 299665.
5, 73, 821
List the prime factors of 613293.
3, 204431
What are the prime factors of 191300?
2, 5, 1913
List the prime factors of 8030.
2, 5, 11, 73
What are the prime factors of 7313982?
2, 3, 13, 7213
List the prime factors of 667383.
3, 222461
List the prime factors of 24521123.
11, 17, 131129
What are the prime factors of 726854?
2, 227, 1601
List the prime factors of 689332.
2, 7, 3517
What are the prime factors of 18385383?
3, 6128461
List the prime factors of 239707.
13, 18439
What are the prime factors of 20628615?
3, 5, 7, 223, 881
What are the prime factors of 290451?
3, 7, 13831
List the prime factors of 35911131.
3, 11970377
What are the prime factors of 37156303?
5347, 6949
List the prime factors of 351808.
2, 23, 239
What are the prime factors of 110480?
2, 5, 1381
List the prime factors of 1208084.
2, 59, 5119
What are the prime factors of 5165796?
2, 3, 19, 139, 163
What are the prime